{"id":49,"date":"2024-05-31T11:34:21","date_gmt":"2024-05-31T11:34:21","guid":{"rendered":"https:\/\/adriacubells.com\/?page_id=49"},"modified":"2024-06-02T14:54:50","modified_gmt":"2024-06-02T14:54:50","slug":"fabrica-el-teu-propi-instrument","status":"publish","type":"page","link":"https:\/\/adriacubells.com\/index.php\/fabrica-el-teu-propi-instrument\/","title":{"rendered":"Fabrica el teu propi instrument"},"content":{"rendered":"\n<div class=\"wp-block-group alignfull is-layout-constrained wp-container-core-group-is-layout-94e92a02 wp-block-group-is-layout-constrained\" style=\"margin-top:0;margin-bottom:0;padding-top:var(--wp--preset--spacing--80);padding-right:var(--wp--preset--spacing--40);padding-bottom:var(--wp--preset--spacing--80);padding-left:var(--wp--preset--spacing--40)\">\n<h2 class=\"wp-block-heading has-text-align-left\">Apr\u00e8n&nbsp;a construir el teu instrument de&nbsp;percussi\u00f3!<\/h2>\n\n\n\n<p class=\"has-text-align-left\">Viu&nbsp;l&#8217;experi\u00e8ncia de construir el teu propi instrument de&nbsp;percussi\u00f3&nbsp;o corda, amb instruments reciclats. Farem un concert per testar les nostres&nbsp;creacions!<\/p>\n\n\n\n<p class=\"has-text-align-left\">Pensat per a escoles d&#8217;educaci\u00f3&nbsp;prim\u00e0ria, dels 6 als 12 anys, farem instruments adaptats a les habilitats de cada&nbsp;edat.<\/p>\n\n\n\n<p class=\"has-text-align-left\">Farem tambors,&nbsp;shackers&nbsp;i&nbsp;carillons&nbsp;de corda<\/p>\n\n\n\n<p class=\"has-text-align-left\">Material que aporta l&#8217;escola: un espai di\u00e0fan on fer l&#8217;activitat i a on guardarem els instruments, per a futurs tallers.<\/p>\n\n\n\n<p class=\"has-text-align-left\">Duraci\u00f3 del taller: 1:30h<\/p>\n\n\n\n<div class=\"wp-block-group alignwide is-layout-flow wp-block-group-is-layout-flow\">\n<div class=\"wp-block-columns is-layout-flex wp-container-core-columns-is-layout-28f84493 wp-block-columns-is-layout-flex\">\n<div class=\"wp-block-column is-layout-flow wp-block-column-is-layout-flow\">\n<figure class=\"wp-block-gallery aligncenter has-nested-images columns-default wp-block-gallery-1 is-layout-flex wp-block-gallery-is-layout-flex\">\n<figure class=\"wp-block-image size-full\"><img fetchpriority=\"high\" decoding=\"async\" width=\"1920\" height=\"2560\" data-id=\"134\" src=\"https:\/\/adriacubells.com\/wp-content\/uploads\/2024\/05\/IMG_5322-scaled.jpg\" alt=\"\" class=\"wp-image-134\" srcset=\"https:\/\/adriacubells.com\/wp-content\/uploads\/2024\/05\/IMG_5322-scaled.jpg 1920w, https:\/\/adriacubells.com\/wp-content\/uploads\/2024\/05\/IMG_5322-225x300.jpg 225w, https:\/\/adriacubells.com\/wp-content\/uploads\/2024\/05\/IMG_5322-768x1024.jpg 768w, https:\/\/adriacubells.com\/wp-content\/uploads\/2024\/05\/IMG_5322-1152x1536.jpg 1152w, https:\/\/adriacubells.com\/wp-content\/uploads\/2024\/05\/IMG_5322-1536x2048.jpg 1536w\" sizes=\"(max-width: 1920px) 100vw, 1920px\" \/><\/figure>\n\n\n\n<figure class=\"wp-block-image size-full\"><a href=\"https:\/\/www.facebook.com\/photo\/?fbid=946669820800781&amp;set=pcb.946669934134103&amp;locale=es_ES\"><img decoding=\"async\" width=\"610\" height=\"610\" data-id=\"135\" src=\"https:\/\/adriacubells.com\/wp-content\/uploads\/2024\/05\/Proyecto-nuevo-copia-8.jpg\" alt=\"\" class=\"wp-image-135\" srcset=\"https:\/\/adriacubells.com\/wp-content\/uploads\/2024\/05\/Proyecto-nuevo-copia-8.jpg 610w, https:\/\/adriacubells.com\/wp-content\/uploads\/2024\/05\/Proyecto-nuevo-copia-8-300x300.jpg 300w, https:\/\/adriacubells.com\/wp-content\/uploads\/2024\/05\/Proyecto-nuevo-copia-8-150x150.jpg 150w\" sizes=\"(max-width: 610px) 100vw, 610px\" \/><\/a><\/figure>\n\n\n\n<figure class=\"wp-block-image size-full\"><img decoding=\"async\" width=\"818\" height=\"890\" data-id=\"139\" src=\"https:\/\/adriacubells.com\/wp-content\/uploads\/2024\/05\/Captura-de-pantalla-2024-05-31-a-las-15.28.33.png\" alt=\"\" class=\"wp-image-139\" srcset=\"https:\/\/adriacubells.com\/wp-content\/uploads\/2024\/05\/Captura-de-pantalla-2024-05-31-a-las-15.28.33.png 818w, https:\/\/adriacubells.com\/wp-content\/uploads\/2024\/05\/Captura-de-pantalla-2024-05-31-a-las-15.28.33-276x300.png 276w, https:\/\/adriacubells.com\/wp-content\/uploads\/2024\/05\/Captura-de-pantalla-2024-05-31-a-las-15.28.33-768x836.png 768w\" sizes=\"(max-width: 818px) 100vw, 818px\" \/><\/figure>\n<\/figure>\n<\/div>\n<\/div>\n<\/div>\n\n\n\n<div class=\"wp-block-buttons is-content-justification-center is-layout-flex wp-container-core-buttons-is-layout-a89b3969 wp-block-buttons-is-layout-flex\">\n<div class=\"wp-block-button\"><a class=\"wp-block-button__link has-raft-fg-alt-color has-text-color wp-element-button\" href=\"https:\/\/adriacubells.com\/index.php\/contacto\/\">Contacta&#8217;m<\/a><\/div>\n<\/div>\n<\/div>\n\n\n\n<div class=\"wp-block-group alignfull is-layout-constrained wp-container-core-group-is-layout-876a7d94 wp-block-group-is-layout-constrained\" style=\"margin-top:0px;margin-bottom:0px;padding-top:var(--wp--preset--spacing--80);padding-right:var(--wp--preset--spacing--40);padding-bottom:var(--wp--preset--spacing--80);padding-left:var(--wp--preset--spacing--40)\">\n<div class=\"wp-block-group alignwide is-layout-flow wp-container-core-group-is-layout-cd434741 wp-block-group-is-layout-flow\">\n<div class=\"wp-block-columns are-vertically-aligned-center has-raft-bg-alt-background-color has-background is-layout-flex wp-container-core-columns-is-layout-e05d3243 wp-block-columns-is-layout-flex\" style=\"padding-top:0px;padding-right:0px;padding-bottom:0px;padding-left:0px\">\n<div class=\"wp-block-column is-vertically-aligned-center is-layout-flow wp-block-column-is-layout-flow\" style=\"flex-basis:40%\">\n<figure class=\"wp-block-image size-full\"><img loading=\"lazy\" decoding=\"async\" width=\"610\" height=\"610\" src=\"https:\/\/adriacubells.com\/wp-content\/uploads\/2024\/05\/Proyecto-nuevo-copia-4.jpg\" alt=\"\" class=\"wp-image-140\" srcset=\"https:\/\/adriacubells.com\/wp-content\/uploads\/2024\/05\/Proyecto-nuevo-copia-4.jpg 610w, https:\/\/adriacubells.com\/wp-content\/uploads\/2024\/05\/Proyecto-nuevo-copia-4-300x300.jpg 300w, https:\/\/adriacubells.com\/wp-content\/uploads\/2024\/05\/Proyecto-nuevo-copia-4-150x150.jpg 150w\" sizes=\"(max-width: 610px) 100vw, 610px\" \/><\/figure>\n<\/div>\n\n\n\n<div class=\"wp-block-column is-vertically-aligned-center is-layout-flow wp-container-core-column-is-layout-71c1d140 wp-block-column-is-layout-flow\" style=\"padding-top:var(--wp--preset--spacing--50);padding-right:var(--wp--preset--spacing--50);padding-bottom:var(--wp--preset--spacing--50);padding-left:var(--wp--preset--spacing--50)\">\n<h3 class=\"wp-block-heading\">Aquesta activitat pot enlla\u00e7ar amb un taller de batucada amb material reciclat!<\/h3>\n\n\n\n<p>La mateixa din\u00e0mica dels tallers de batucada, per\u00f2 afegint les nostres creacions.<\/p>\n\n\n\n<div class=\"wp-block-buttons is-layout-flex wp-block-buttons-is-layout-flex\">\n<div class=\"wp-block-button is-style-primary\"><a class=\"wp-block-button__link wp-element-button\" href=\"https:\/\/adriacubells.com\/index.php\/taller-de-batucada\/\">Combina activitats<\/a><\/div>\n<\/div>\n<\/div>\n<\/div>\n\n\n\n<div class=\"wp-block-columns are-vertically-aligned-center has-raft-bg-alt-background-color has-background is-layout-flex wp-container-core-columns-is-layout-e05d3243 wp-block-columns-is-layout-flex\" style=\"padding-top:0px;padding-right:0px;padding-bottom:0px;padding-left:0px\">\n<div class=\"wp-block-column is-vertically-aligned-center is-layout-flow wp-block-column-is-layout-flow\" style=\"flex-basis:40%\">\n<figure class=\"wp-block-image size-full\"><img loading=\"lazy\" decoding=\"async\" width=\"610\" height=\"610\" src=\"https:\/\/adriacubells.com\/wp-content\/uploads\/2024\/05\/Proyecto-nuevo-copia-12.jpg\" alt=\"\" class=\"wp-image-141\" srcset=\"https:\/\/adriacubells.com\/wp-content\/uploads\/2024\/05\/Proyecto-nuevo-copia-12.jpg 610w, https:\/\/adriacubells.com\/wp-content\/uploads\/2024\/05\/Proyecto-nuevo-copia-12-300x300.jpg 300w, https:\/\/adriacubells.com\/wp-content\/uploads\/2024\/05\/Proyecto-nuevo-copia-12-150x150.jpg 150w\" sizes=\"(max-width: 610px) 100vw, 610px\" \/><\/figure>\n<\/div>\n\n\n\n<div class=\"wp-block-column is-vertically-aligned-center is-layout-flow wp-container-core-column-is-layout-71c1d140 wp-block-column-is-layout-flow\" style=\"padding-top:var(--wp--preset--spacing--50);padding-right:var(--wp--preset--spacing--50);padding-bottom:var(--wp--preset--spacing--50);padding-left:var(--wp--preset--spacing--50)\">\n<h3 class=\"wp-block-heading\">Aquesta activitat pot encaixar junt al taller de &#8220;Ominira va a l&#8217;escola&#8221;<\/h3>\n\n\n\n<p>Tots junts farem un concert,&nbsp;junt amb&nbsp;els instruments reciclats.<\/p>\n\n\n\n<div class=\"wp-block-buttons is-layout-flex wp-block-buttons-is-layout-flex\">\n<div class=\"wp-block-button is-style-primary\"><a class=\"wp-block-button__link wp-element-button\" href=\"https:\/\/adriacubells.com\/index.php\/ominira-va-a-lescola\/\">Combina activitats<\/a><\/div>\n<\/div>\n<\/div>\n<\/div>\n<\/div>\n<\/div>\n","protected":false},"excerpt":{"rendered":"<p>Apr\u00e8n&nbsp;a construir el teu instrument de&nbsp;percussi\u00f3! Viu&nbsp;l&#8217;experi\u00e8ncia de construir el teu propi instrument de&nbsp;percussi\u00f3&nbsp;o corda, amb instruments reciclats. Farem un concert per testar les nostres&nbsp;creacions! Pensat per a escoles d&#8217;educaci\u00f3&nbsp;prim\u00e0ria, dels 6 als 12 anys, farem instruments adaptats a les habilitats de cada&nbsp;edat. Farem tambors,&nbsp;shackers&nbsp;i&nbsp;carillons&nbsp;de corda Material que aporta l&#8217;escola: un espai di\u00e0fan on fer [&hellip;]<\/p>\n","protected":false},"author":1,"featured_media":0,"parent":0,"menu_order":0,"comment_status":"closed","ping_status":"closed","template":"","meta":{"footnotes":""},"class_list":["post-49","page","type-page","status-publish","hentry"],"yoast_head":"<!-- This site is optimized with the Yoast SEO plugin v25.9 - https:\/\/yoast.com\/wordpress\/plugins\/seo\/ -->\n<title>Fabrica el teu propi instrument - Adri Cubells<\/title>\n<meta name=\"robots\" content=\"index, follow, max-snippet:-1, max-image-preview:large, max-video-preview:-1\" \/>\n<link rel=\"canonical\" href=\"https:\/\/adriacubells.com\/index.php\/fabrica-el-teu-propi-instrument\/\" \/>\n<meta property=\"og:locale\" content=\"ca_ES\" \/>\n<meta property=\"og:type\" content=\"article\" \/>\n<meta property=\"og:title\" content=\"Fabrica el teu propi instrument - Adri Cubells\" \/>\n<meta property=\"og:description\" content=\"Apr\u00e8n&nbsp;a construir el teu instrument de&nbsp;percussi\u00f3! Viu&nbsp;l&#8217;experi\u00e8ncia de construir el teu propi instrument de&nbsp;percussi\u00f3&nbsp;o corda, amb instruments reciclats. Farem un concert per testar les nostres&nbsp;creacions! Pensat per a escoles d&#8217;educaci\u00f3&nbsp;prim\u00e0ria, dels 6 als 12 anys, farem instruments adaptats a les habilitats de cada&nbsp;edat. Farem tambors,&nbsp;shackers&nbsp;i&nbsp;carillons&nbsp;de corda Material que aporta l&#8217;escola: un espai di\u00e0fan on fer [&hellip;]\" \/>\n<meta property=\"og:url\" content=\"https:\/\/adriacubells.com\/index.php\/fabrica-el-teu-propi-instrument\/\" \/>\n<meta property=\"og:site_name\" content=\"Adri Cubells\" \/>\n<meta property=\"article:modified_time\" content=\"2024-06-02T14:54:50+00:00\" \/>\n<meta property=\"og:image\" content=\"https:\/\/adriacubells.com\/wp-content\/uploads\/2024\/05\/IMG_5322-scaled.jpg\" \/>\n<meta name=\"twitter:card\" content=\"summary_large_image\" \/>\n<meta name=\"twitter:label1\" content=\"Temps estimat de lectura\" \/>\n\t<meta name=\"twitter:data1\" content=\"1 minut\" \/>\n<script type=\"application\/ld+json\" class=\"yoast-schema-graph\">{\"@context\":\"https:\/\/schema.org\",\"@graph\":[{\"@type\":\"WebPage\",\"@id\":\"https:\/\/adriacubells.com\/index.php\/fabrica-el-teu-propi-instrument\/\",\"url\":\"https:\/\/adriacubells.com\/index.php\/fabrica-el-teu-propi-instrument\/\",\"name\":\"Fabrica el teu propi instrument - Adri Cubells\",\"isPartOf\":{\"@id\":\"https:\/\/adriacubells.com\/#website\"},\"primaryImageOfPage\":{\"@id\":\"https:\/\/adriacubells.com\/index.php\/fabrica-el-teu-propi-instrument\/#primaryimage\"},\"image\":{\"@id\":\"https:\/\/adriacubells.com\/index.php\/fabrica-el-teu-propi-instrument\/#primaryimage\"},\"thumbnailUrl\":\"https:\/\/adriacubells.com\/wp-content\/uploads\/2024\/05\/IMG_5322-scaled.jpg\",\"datePublished\":\"2024-05-31T11:34:21+00:00\",\"dateModified\":\"2024-06-02T14:54:50+00:00\",\"breadcrumb\":{\"@id\":\"https:\/\/adriacubells.com\/index.php\/fabrica-el-teu-propi-instrument\/#breadcrumb\"},\"inLanguage\":\"ca\",\"potentialAction\":[{\"@type\":\"ReadAction\",\"target\":[\"https:\/\/adriacubells.com\/index.php\/fabrica-el-teu-propi-instrument\/\"]}]},{\"@type\":\"ImageObject\",\"inLanguage\":\"ca\",\"@id\":\"https:\/\/adriacubells.com\/index.php\/fabrica-el-teu-propi-instrument\/#primaryimage\",\"url\":\"https:\/\/adriacubells.com\/wp-content\/uploads\/2024\/05\/IMG_5322-scaled.jpg\",\"contentUrl\":\"https:\/\/adriacubells.com\/wp-content\/uploads\/2024\/05\/IMG_5322-scaled.jpg\",\"width\":1920,\"height\":2560},{\"@type\":\"BreadcrumbList\",\"@id\":\"https:\/\/adriacubells.com\/index.php\/fabrica-el-teu-propi-instrument\/#breadcrumb\",\"itemListElement\":[{\"@type\":\"ListItem\",\"position\":1,\"name\":\"Inici\",\"item\":\"https:\/\/adriacubells.com\/\"},{\"@type\":\"ListItem\",\"position\":2,\"name\":\"Fabrica el teu propi instrument\"}]},{\"@type\":\"WebSite\",\"@id\":\"https:\/\/adriacubells.com\/#website\",\"url\":\"https:\/\/adriacubells.com\/\",\"name\":\"Adri Cubells\",\"description\":\"Educador musical\",\"potentialAction\":[{\"@type\":\"SearchAction\",\"target\":{\"@type\":\"EntryPoint\",\"urlTemplate\":\"https:\/\/adriacubells.com\/?s={search_term_string}\"},\"query-input\":{\"@type\":\"PropertyValueSpecification\",\"valueRequired\":true,\"valueName\":\"search_term_string\"}}],\"inLanguage\":\"ca\"}]}<\/script>\n<!-- \/ Yoast SEO plugin. -->","yoast_head_json":{"title":"Fabrica el teu propi instrument - Adri Cubells","robots":{"index":"index","follow":"follow","max-snippet":"max-snippet:-1","max-image-preview":"max-image-preview:large","max-video-preview":"max-video-preview:-1"},"canonical":"https:\/\/adriacubells.com\/index.php\/fabrica-el-teu-propi-instrument\/","og_locale":"ca_ES","og_type":"article","og_title":"Fabrica el teu propi instrument - Adri Cubells","og_description":"Apr\u00e8n&nbsp;a construir el teu instrument de&nbsp;percussi\u00f3! Viu&nbsp;l&#8217;experi\u00e8ncia de construir el teu propi instrument de&nbsp;percussi\u00f3&nbsp;o corda, amb instruments reciclats. Farem un concert per testar les nostres&nbsp;creacions! Pensat per a escoles d&#8217;educaci\u00f3&nbsp;prim\u00e0ria, dels 6 als 12 anys, farem instruments adaptats a les habilitats de cada&nbsp;edat. Farem tambors,&nbsp;shackers&nbsp;i&nbsp;carillons&nbsp;de corda Material que aporta l&#8217;escola: un espai di\u00e0fan on fer [&hellip;]","og_url":"https:\/\/adriacubells.com\/index.php\/fabrica-el-teu-propi-instrument\/","og_site_name":"Adri Cubells","article_modified_time":"2024-06-02T14:54:50+00:00","og_image":[{"url":"https:\/\/adriacubells.com\/wp-content\/uploads\/2024\/05\/IMG_5322-scaled.jpg","type":"","width":"","height":""}],"twitter_card":"summary_large_image","twitter_misc":{"Temps estimat de lectura":"1 minut"},"schema":{"@context":"https:\/\/schema.org","@graph":[{"@type":"WebPage","@id":"https:\/\/adriacubells.com\/index.php\/fabrica-el-teu-propi-instrument\/","url":"https:\/\/adriacubells.com\/index.php\/fabrica-el-teu-propi-instrument\/","name":"Fabrica el teu propi instrument - Adri Cubells","isPartOf":{"@id":"https:\/\/adriacubells.com\/#website"},"primaryImageOfPage":{"@id":"https:\/\/adriacubells.com\/index.php\/fabrica-el-teu-propi-instrument\/#primaryimage"},"image":{"@id":"https:\/\/adriacubells.com\/index.php\/fabrica-el-teu-propi-instrument\/#primaryimage"},"thumbnailUrl":"https:\/\/adriacubells.com\/wp-content\/uploads\/2024\/05\/IMG_5322-scaled.jpg","datePublished":"2024-05-31T11:34:21+00:00","dateModified":"2024-06-02T14:54:50+00:00","breadcrumb":{"@id":"https:\/\/adriacubells.com\/index.php\/fabrica-el-teu-propi-instrument\/#breadcrumb"},"inLanguage":"ca","potentialAction":[{"@type":"ReadAction","target":["https:\/\/adriacubells.com\/index.php\/fabrica-el-teu-propi-instrument\/"]}]},{"@type":"ImageObject","inLanguage":"ca","@id":"https:\/\/adriacubells.com\/index.php\/fabrica-el-teu-propi-instrument\/#primaryimage","url":"https:\/\/adriacubells.com\/wp-content\/uploads\/2024\/05\/IMG_5322-scaled.jpg","contentUrl":"https:\/\/adriacubells.com\/wp-content\/uploads\/2024\/05\/IMG_5322-scaled.jpg","width":1920,"height":2560},{"@type":"BreadcrumbList","@id":"https:\/\/adriacubells.com\/index.php\/fabrica-el-teu-propi-instrument\/#breadcrumb","itemListElement":[{"@type":"ListItem","position":1,"name":"Inici","item":"https:\/\/adriacubells.com\/"},{"@type":"ListItem","position":2,"name":"Fabrica el teu propi instrument"}]},{"@type":"WebSite","@id":"https:\/\/adriacubells.com\/#website","url":"https:\/\/adriacubells.com\/","name":"Adri Cubells","description":"Educador musical","potentialAction":[{"@type":"SearchAction","target":{"@type":"EntryPoint","urlTemplate":"https:\/\/adriacubells.com\/?s={search_term_string}"},"query-input":{"@type":"PropertyValueSpecification","valueRequired":true,"valueName":"search_term_string"}}],"inLanguage":"ca"}]}},"_links":{"self":[{"href":"https:\/\/adriacubells.com\/index.php\/wp-json\/wp\/v2\/pages\/49","targetHints":{"allow":["GET"]}}],"collection":[{"href":"https:\/\/adriacubells.com\/index.php\/wp-json\/wp\/v2\/pages"}],"about":[{"href":"https:\/\/adriacubells.com\/index.php\/wp-json\/wp\/v2\/types\/page"}],"author":[{"embeddable":true,"href":"https:\/\/adriacubells.com\/index.php\/wp-json\/wp\/v2\/users\/1"}],"replies":[{"embeddable":true,"href":"https:\/\/adriacubells.com\/index.php\/wp-json\/wp\/v2\/comments?post=49"}],"version-history":[{"count":10,"href":"https:\/\/adriacubells.com\/index.php\/wp-json\/wp\/v2\/pages\/49\/revisions"}],"predecessor-version":[{"id":302,"href":"https:\/\/adriacubells.com\/index.php\/wp-json\/wp\/v2\/pages\/49\/revisions\/302"}],"wp:attachment":[{"href":"https:\/\/adriacubells.com\/index.php\/wp-json\/wp\/v2\/media?parent=49"}],"curies":[{"name":"wp","href":"https:\/\/api.w.org\/{rel}","templated":true}]}}